 -4816 = -57*b + 22374 + 5414. What is the remainder when b is divided by 116?
108
Let h(a) = -22*a - 134. Let f(d) = 20*d + 132. Let o(y) = -6*f(y) - 5*h(y). What is the remainder when o(-18) is divided by 33?
25
Let g be -4*(-1057)/28 - 5. Let b = g + -65. Suppose -3*d - 22 = -5*f - 98, 3*f + 83 = 4*d. Calculate the remainder when b is divided by d.
13
Let v = -17440 + 17576. Calculate the remainder when 3535 is divided by v.
135
Let n(v) = -33*v. Let g be n(1). Let h = -18 - g. Suppose -42*s - 29 = -43*s + 5*k, -26 = -2*s + 2*k. What is the remainder when h is divided by s?
6
Let i = -238 + 145. Let o = i + 90. Calculate the remainder when 33 is divided by ((-51)/(-12))/(3/(-36)*o).
16
What is the remainder when 559 is divided by (11 + (-115)/10)/((-49)/(-50) + -1)?
9
Let p(d) = -d**3 + 17*d**2 - d + 6. Let s be p(17). Let y(f) = 2*f**2 + 18*f + 6. Calculate the remainder when 197 is divided by y(s).
47
Calculate the remainder when 289 is divided by ((-20)/(-2))/(-2) - (4 + -79).
9
Suppose 61 + 19 = 4*d. Calculate the remainder when -10*(d/(-8))/5 is divided by (-24)/(-28)*(-133)/(-38).
2
Suppose 5*t + 23*q - 963 = 25*q, 0 = -5*q + 5. Let p = -53 + t. Calculate the remainder when p is divided by 13.
10
Let h = 2 - -22. Suppose 0 = -7*u + h + 32. Suppose -2*g - 113 = -5*l - 19, l - 4*g = u. Calculate the remainder when 36 is divided by l.
16
Let c(o) = o**3 + 15*o**2 + 11*o - 10. Let u be c(-12). Let q = u - 261. Calculate the remainder when q is divided by 18.
11
Let a = -193 + 151. What is the remainder when 22 is divided by 2/12 + (-749)/a?
4
Suppose 3*x = -2*x + 2*y + 115, -5*x + 115 = -3*y. Let s be ((-70)/8)/(15/60). What is the remainder when x is divided by (-5)/s + (-69)/(-7)?
3
Suppose 2492 = 15*q - q. Suppose 2*w = 4*c - 92, 11*w - 34 = -c + 6*w. What is the remainder when q is divided by c?
10
Suppose 32 - 1 + 95 = 14*d. Calculate the remainder when 1034 is divided by d.
8
Let p(z) = 80*z**3 - 2*z**2 + 2*z - 1. Suppose -5*l + 128 + 80 = -2*g, 2*l - 100 = -2*g. Calculate the remainder when p(1) is divided by l.
35
Let c be (-15)/4 - -4 - (-62)/8. Suppose 2*y - 10*y = -c. What is the remainder when 27 is divided by (-1 - (y - 4))*7?
13
What is the remainder when (-206 - -17)*3/(-3) is divided by 58?
15
Suppose 2869*i - 1439*i + 5510 = 1440*i. What is the remainder when i is divided by 140?
131
Let a(s) = 171*s + 204. Calculate the remainder when (10/(-4) + 3)*262 is divided by a(-1).
32
Suppose 456 = 7*v - 11*v - 4*s, 15 = -3*s. Let n = 122 + v. Suppose 9*b + 10 = 4*b, -2*p + 82 = -5*b. What is the remainder when p is divided by n?
10
Suppose -105 - 213 = -j - 3*p, 0 = 2*p - 4. What is the remainder when j is divided by (-6)/((60/40)/((-90)/8))?
42
Suppose -50*m + 56950 = -55050. Suppose -47*k = -37*k - m. What is the remainder when k is divided by 23?
17
What is the remainder when 552 is divided by ((-8)/10)/(12/(-2100))?
132
Let w(s) = 98*s + 1. Calculate the remainder when ((-7)/(-3))/(658/79806) is divided by w(1).
85
Let h = 1299 - 1276. What is the remainder when (-5)/((-20)/196)*1 is divided by h?
3
Let h be (1/(-1 - 1))/((-6)/(-108)). Let y be (-12)/(-9)*(3 - h/(-6)). Suppose v + 59 = 3*l, y*l = 5*v + 2 + 20. Calculate the remainder when l is divided by 8.
5
Let g = 3336 + -3299. What is the remainder when 529 is divided by g?
11
Let g(v) be the third derivative of v**4/6 + 31*v**3/6 + 86*v**2 - 2. What is the remainder when g(3) is divided by 15?
13
Let f(z) = 15*z + 8. Let t be f(-7). Let o = -94 - t. Suppose -o*i - 37 = -a + 26, 5*a - 341 = 2*i. Calculate the remainder when a is divided by 6.
3
Let f = -18 - -27. Suppose 5*k + 47 = 4*h, 4*k + 14 = h + 5*k. Suppose 5*c = c + 5*y + h, c - 1 = -y. What is the remainder when f is divided by c?
1
Suppose -3*r = 3*t - 20 - 19, 2*r = t + 38. Suppose 4*f = r*f - 2028. What is the remainder when f is divided by 16?
12
Let f(y) = 14*y**2 + 10*y + 32. Calculate the remainder when f(-3) is divided by 37.
17
Suppose w + w = 116. What is the remainder when w is divided by 5/30*-3 + (-71)/(-2)?
23
Calculate the remainder when 2575/175*7 - (1 - -9) is divided by 19.
17
Let r(v) = 3*v**2 - 7*v - 7. Suppose -2 = 3*o - 7*n + 2*n, o - 4*n - 4 = 0. Let a = 0 - o. What is the remainder when 51 is divided by r(a)?
12
Suppose 3*n + 643 = 334. Let c = 115 + n. What is the remainder when 46 is divided by c?
10
Let u = -395 - -397. Suppose 14*f - 816 = -u*f. What is the remainder when f is divided by 9?
6
Suppose 3*f = 3*d + 45, -5*f + 0*f = -d - 15. Let y = 1 - d. What is the remainder when y is divided by 11 - (6 - 16/4)?
7
Let n(y) = 814*y - 1659. What is the remainder when n(3) is divided by 31?
8
Let s(q) = -1. Let m(n) = -13*n - 78. Let z(w) = m(w) - 4*s(w). Calculate the remainder when z(-9) is divided by -1 - (1 + -1 + -12).
10
Suppose 112882 = 150*k - 269132 - 50586. What is the remainder when k is divided by 38?
34
Let o(k) = -k**2 - 64*k - 211. What is the remainder when 1268 is divided by o(-10)?
281
Suppose 14*p = 27 + 1. Suppose 0 = f + q - 5 + p, -4*f - 3*q + 13 = 0. What is the remainder when 12 is divided by f?
0
Let m(k) = -k**3 - 36*k**2 - 7*k - 118. Let a be m(-36). Let o = 146 - a. Calculate the remainder when 41 is divided by o.
5
Let p be (-1)/(6/24*-1). Suppose -p*r = -8*n + 7*n - 175, -r + 5*n + 58 = 0. Calculate the remainder when r is divided by 12.
7
Let s(t) = 39*t + 881. What is the remainder when s(20) is divided by 15?
11
Suppose -c + 38 + 64 = -2*i, 3*c = 4*i + 300. Let z be 4/(-16) + (-1)/(12/105). Let f(w) = w**2 + 5*w + 13. What is the remainder when c is divided by f(z)?
47
Let m be (18 - 2)/(-2)*-44. Let l = m + -246. Calculate the remainder when l is divided by 18 + (2 - 9) - -1.
10
Let j = -241 - -253. Suppose 26*z = -j + 558. What is the remainder when 76 is divided by z?
13
Let x be 3 + (4 - 1 - 923). Let m = -557 - x. Suppose -7*y = -5*y - m. What is the remainder when y is divided by 26?
24
Let i = 66 + -46. Suppose 5*a - 2*y - 596 = 0, -4*a + 551 - 82 = y. Calculate the remainder when a is divided by i.
18
Let g(d) = -d**2 - 145*d - 1562. What is the remainder when g(-120) is divided by 5?
3
Let w(h) = -5*h + 46. Let v(y) = -3*y**3 - 27*y**2 - 2*y - 10. Let a be v(-9). Calculate the remainder when 32 is divided by w(a).
2
Let z = 211 + -135. Calculate the remainder when z is divided by 75.
1
Suppose 666*c = 11359 + 3959. Suppose 4*k - 2*d = -0*d + 270, 0 = 2*d + 10. What is the remainder when k is divided by c?
19
Let d(k) = k - 12 - 3*k + 39 - 11 - 3. Calculate the remainder when d(-55) is divided by 22 + -2 + 3 + -2.
18
Let u = 33368 - 30476. What is the remainder when u is divided by 69?
63
Suppose -2*w - 3*f = -10 - 10, 2*f - 11 = -w. Let t = w - 1. Calculate the remainder when 405/(22 - -23)*(-5)/(-3) is divided by t.
3
Suppose 2*h = 3*f + h - 13, -f + 5*h - 5 = 0. Calculate the remainder when (-47)/(-5) + 3/f is divided by ((-6)/24*10)/((-5)/4).
0
Suppose -4*j = -0*h - 4*h + 2256, -564 = -h - 3*j. Let x = h - 541. What is the remainder when 98 is divided by x?
6
Let q = 24 + -9. Let u = 211 + -144. Suppose u*n + 110 = 77*n. Calculate the remainder when q is divided by n.
4
Let p(l) = -12*l**3 - l**2 - l - 2. Let m be p(-1). Suppose -295 + 365 = m*c. Calculate the remainder when 1 + 0 + 0 + 8 is divided by c.
2
Suppose 0 = -33*g + 11654 - 401. Calculate the remainder when g is divided by 90.
71
Let j(u) = 5*u - 4. Let s(p) = p**2 - 8*p + 4. Let a be s(8). What is the remainder when j(a) is divided by ((-4)/(-5))/((42/(-75))/(-7))?
6
Suppose -5*k = p - 362, -32*p - 138 = -2*k - 29*p. What is the remainder when k is divided by 20?
12
Suppose -6*c = -10*c - 5*l - 25, -5*c = -3*l - 15. Suppose 3*d - m - 95 = c, -4*m - 80 = -0*d - 2*d. Calculate the remainder when 149 is divided by d.
29
Let n(h) = -6*h - 106. Let g be n(-44). Let c = 200 - g. Calculate the remainder when 125 is divided by c.
41
Let v(j) = j - 5. Suppose -11*c + 4*c = -21. Let b be v(c). Let t(o) = -6*o + 4. Calculate the remainder when 78 is divided by t(b).
14
Let r(p) = 2*p**3 - 52*p**2 + 81. What is the remainder when 480 is divided by r(26)?
75
Suppose -4*y - 242 = -2*z, 0 = 3*z - y - 170 - 183. What is the remainder when 239 is divided by z?
5
Suppose 559*g - 508 = 555*g. Wha